he remainder when u(6) is divided by o(-11).
0
Suppose 4*l - 12 = 5*j - 3*j, 5*l = 3*j + 14. Calculate the remainder when 7 is divided by j.
1
Suppose 2 = -k - d, -4*k - 28 + 0 = -d. What is the remainder when 7 is divided by (-2 + (-9)/(-6))*k?
1
Suppose -5*f = -0*f - 5. Suppose 0 = -y + 3*a - 1, 0 = -3*y + 2*a + 4. What is the remainder when (32 - (-1 + y))*f is divided by 11?
9
Let m = 110 + -98. What is the remainder when 56 is divided by m?
8
Let n be (10 + -1)*(-20)/12. Calculate the remainder when (-4 + 0)*n/4 is divided by 8.
7
Let f be 1/2 - 6/(-12). Let z(g) = 6*g. Calculate the remainder when 11 is divided by z(f).
5
What is the remainder when 15 is divided by 9 + (-1 - 0) + -2?
3
Suppose 0 = -p + 4*o - 8, 2*o + 2*o = -3*p + 24. Suppose -4 - 12 = -p*n. What is the remainder when n is divided by 3?
1
Let a(m) = 2*m + 24. Let k be a(0). Let g = k - -35. Suppose -s + 40 = 2*c + s, 0 = -4*c + 4*s + 80. Calculate the remainder when g is divided by c.
19
Let y(d) = 4*d**2 + 2*d + 1. Let g be y(-1). Suppose g*t = 3*m - 39, -5*m - 2*t = 2 - 67. Calculate the remainder when m is divided by 5.
3
What is the remainder when (368/(-4)*1/(-2))/2 is divided by 14?
9
Suppose -3*t + 4*b = -68, t + 2*b + 76 = 4*t. Suppose c - 2*c - 7 = -2*m, 28 = 3*m + 2*c. What is the remainder when t is divided by m?
4
Suppose 5 = 2*q - 5. Suppose 5*n - y = 82 - 13, 4*n = -y + 57. Calculate the remainder when n is divided by q.
4
Suppose -2*q - 5 = 13. Let s be 4/(-6) - (-93)/q. What is the remainder when 0 + 1 - (s + -1) is divided by 5?
3
Let n(q) = q**2 + 11*q - 5. What is the remainder when n(-12) is divided by 3?
1
Let p(j) = -2*j. Suppose 0 = -5*l - 13 + 3. What is the remainder when 9 is divided by p(l)?
1
Let f(u) = -4*u + 31. What is the remainder when f(-8) is divided by 8?
7
Let o = -42 - -64. What is the remainder when o is divided by 4?
2
Calculate the remainder when 1215/33 + (-8)/(-44) is divided by 13.
11
Suppose 4*s + 3*r - 372 = -s, 4*r - 88 = -s. Suppose 0 = 7*j + 4*j - 275. Calculate the remainder when s is divided by j.
22
Suppose 0 = 5*a + 2 - 47. Let t = 293 - 287. Calculate the remainder when a is divided by t.
3
Let x be (12/7)/(3/21). Let k be (-2)/x*-3*142. Let s = k - 51. What is the remainder when s is divided by 11?
9
Let n be 6 - (-2 + 2 + 4). Suppose -n*i + 12 + 14 = 0. Calculate the remainder when i is divided by 7.
6
Suppose -8 = -3*v + 7, -4*j + 147 = 3*v. Calculate the remainder when j is divided by 17.
16
Suppose -91 = -5*f - w, -3*f + 0*w = -w - 53. Calculate the remainder when 66 is divided by f.
12
Calculate the remainder when 145 is divided by (-74)/(-4)*(-11)/((-22)/4).
34
Let f = 407 - 214. What is the remainder when f is divided by 14?
11
What is the remainder when 124 is divided by (14/9*3)/(3/27)?
40
Let t(z) = -17*z**2 + 3*z - 2. Let u(c) = -18*c**2 + 4*c - 3. Let d(n) = -4*t(n) + 3*u(n). What is the remainder when d(-1) is divided by 5?
3
Let x(f) = 7*f. Let u(w) = 8*w. Let g(p) = -5*u(p) + 6*x(p). Let h = 3 + -1. Calculate the remainder when g(h) is divided by 3.
1
Let p = -37 + 60. What is the remainder when p is divided by 13?
10
Suppose 3*p - 11 = 76. Calculate the remainder when 84 is divided by p.
26
Let r(t) = -31*t**3 + 8*t**2 + 2*t + 7. Let h(l) = -l**3 - l**2 - 1. Let k(j) = 6*h(j) + r(j). What is the remainder when k(-1) is divided by 13?
12
Let g be (-1 - -91)*8/(-20). Let d = -25 - g. What is the remainder when (11/3 + -4)*-96 is divided by d?
10
Let d = 9 + -6. Calculate the remainder when 7 is divided by 3 + d + 2/(-2).
2
Let d = 118 - 110. Calculate the remainder when 22 is divided by d.
6
Let j = 1 + 3. Suppose -j*b + 100 = b. Suppose 0 = 3*s - y - b - 11, 5*s - 53 = y. What is the remainder when 20 is divided by s?
9
Calculate the remainder when 4/14 + -3*(-2930)/105 is divided by 22.
18
Let v(z) = -z + 4. Let f be v(0). Let b be 15/(-30) - 18/(-4). Suppose -f = -b*o + 28. Calculate the remainder when 22 is divided by o.
6
Let t(u) = u**3 - 4*u**2 - 5*u + 5. What is the remainder when 2/(-4) + 74/4 is divided by t(5)?
3
Let a(v) be the third derivative of v**6/120 - 7*v**5/60 - 2*v**2. Let k be a(7). Let p(m) = m**2 + 22. Calculate the remainder when p(k) is divided by 12.
10
Let a be (1 - 0 - 4) + 13. Calculate the remainder when 48 is divided by 0/(-2) + 3 + a.
9
Suppose -36*j + 35*j + 38 = 0. Suppose -9 = -y + 1. Calculate the remainder when j is divided by y.
8
Suppose 3*x = u + 73, -3*x - 26 + 105 = 2*u. Suppose 0*t = t - x. Let f = 25 - 12. Calculate the remainder when t is divided by f.
12
Suppose -4*y + l = -2*l + 23, l - 9 = 2*y. Let x = y + 18. Calculate the remainder when x is divided by 9.
7
Let d be (7 - 5)/(4/2). Suppose -2*b + v = -b + 3, v + d = 3*b. Calculate the remainder when 6/(-33) + (-57)/(-11) is divided by b.
1
Let g = -105 + 164. Calculate the remainder when g is divided by 16.
11
Suppose 15 = 4*k - 5. Let h = 6 - k. Suppose d + 3*d = 5*y - h, -4*y = -20. Calculate the remainder when 11 is divided by d.
5
Let g(c) = 5*c + 19. Let l be (-27)/(-2)*2/3. Let a(z) = z + 5. Let t(o) = l*a(o) - 2*g(o). Calculate the remainder when t(-7) is divided by 8.
6
Suppose 440 = 5*l - 0*l. Let k = -51 + l. Suppose -2*q + 3*x + 32 = 0, -x + k = 3*q - 0*q. What is the remainder when q is divided by 5?
3
Suppose v - 18 = 18. What is the remainder when v is divided by 20?
16
Let k = -5 - -17. Let u(s) = 3*s**2 - 3*s - 3. What is the remainder when u(4) is divided by k?
9
Calculate the remainder when 11 is divided by (11 + -15)*(0 - 1).
3
Let r(i) = -337*i**3 - i**2 - i - 1. Let l be r(-1). Suppose 2*x + 2*x - 5*d - 354 = 0, 4*x - l = -4*d. What is the remainder when x is divided by 29?
28
Let l(d) be the second derivative of -d**5/20 + 7*d**4/12 + 5*d**3/3 - 3*d**2 - 3*d. Calculate the remainder when 17 is divided by l(8).
7
Let x(t) = -t**2 + 7*t - 1. Let c be x(6). Suppose 48 = -d + c*d. Calculate the remainder when d is divided by 7.
5
Suppose 11*r + 38 - 291 = 0. Calculate the remainder when 113 is divided by r.
21
Let l(i) = -2*i - 3. Suppose 0 = -3*u - 5*h - 8, -3*u + 5*h + 24 = -2*u. What is the remainder when l(-9) is divided by u?
3
What is the remainder when 42 is divided by (-43)/(-4) - 3/(-12)?
9
Let t(y) = y**3 - 5*y**2 + 3*y - 7. Calculate the remainder when ((-6)/4)/((-3)/30) is divided by t(5).
7
Suppose 0 = 4*g + 4*r - 84, 0*r - 60 = -4*g + 2*r. Calculate the remainder when g is divided by 5.
2
Let h(w) = -11*w + 1. Suppose 0 = -0*c + 5*c + 30. Let m be (1/3)/(c/18). What is the remainder when 35 is divided by h(m)?
11
Let z(y) = -y**3 + 12*y**2 - 8*y + 11. Let b be 2/(-4) + (-325)/10. Let l be 2*(b/(-6) + 0). Calculate the remainder when z(l) is divided by 15.
14
Suppose -48 = -6*s - 12. What is the remainder when 14 is divided by s?
2
Let z(c) = 2*c**2 + c - 1. Let a be z(-2). Let i = 7 - a. Suppose 3*g + 5*m - i = 15, 6 = -g - 4*m. Calculate the remainder when 27 is divided by g.
13
Let d = 5 - -6. Suppose 7*s - 2*s = 10. Suppose -3*a = 3*q - 87, 4*a - 84 = -s*q - q. Calculate the remainder when q is divided by d.
10
Let g be (6/(-10))/(1/(-5)). Let a be (g/2)/(9/12). Suppose -5*k - 6*r + a*r = -85, -17 = -k - 2*r. Calculate the remainder when 33 is divided by k.
16
Suppose -5*c + 7 = -108. What is the remainder when 43 is divided by c?
20
Suppose -7 + 3 = 4*o, -4*o = 3*q - 68. What is the remainder when 73 is divided by q?
1
Let r = 1 + 1. Suppose r*m + 60 = -m. What is the remainder when 232/10 + 4/m is divided by 12?
11
Suppose 0 = -5*n - 0*n + 180. Suppose 3*v = 3 + n. What is the remainder when 24 is divided by v?
11
Suppose -2*v + 2*a = -2*a, -3*v = -4*a - 6. What is the remainder when 15 is divided by v?
3
What is the remainder when (-6 - -8)*(-10)/(-4) is divided by 4?
1
Let s(c) = -2*c**2 + 37*c + 43. Calculate the remainder when s(18) is divided by 35.
26
Suppose -w - 4*w - 202 = -3*u, 5*u + 2*w - 378 = 0. What is the remainder when u is divided by 19?
17
Let l = 2 - -1. Suppose l*y - y = 26. What is the remainder when 50 is divided by y?
11
Suppose 2*h = 4*h - 5*x - 22, -30 = -4*h + 3*x. Suppose -4*v + h = -2*v. What is the remainder when 5 is divided by v?
2
Suppose -4 = 4*t - 8. Calculate the remainder when 6 is divided by t.
0
Suppose -6 = w + 5*d, 0*d = -5*